{"id":156,"date":"2011-07-29T19:11:33","date_gmt":"2011-07-29T18:11:33","guid":{"rendered":"http:\/\/emissoni.wordpress.com\/?page_id=156"},"modified":"2022-11-01T00:40:27","modified_gmt":"2022-11-01T00:40:27","slug":"mainly-bio-medical","status":"publish","type":"page","link":"https:\/\/eduardomissoni.info\/?page_id=156","title":{"rendered":"Bio-medical issues"},"content":{"rendered":"<h2>Articles<\/h2>\n<p align=\"justify\"><a href=\"http:\/\/www.eduardomissoni.net\/CV\/mieiscrittipdf\/83%20-%20Istocitopatologia.pdf\">Missoni, E. Leishmaniosi Cutanea del Nuovo Mondo. <em>Istocitopatologia<\/em>, (1983) 5:183-188.<\/a><\/p>\n<p align=\"justify\"><a href=\"http:\/\/www.eduardomissoni.net\/CV\/mieiscrittipdf\/84%20-%20J_Trop_Med_Hyg.pdf\">Missoni, E.; Morelli, R. Survey of 259 cases of American Cutaneous Leishmaniasis in Nicaragua. Journal of Tropical Medicine and Hygiene, (1984) 87:159-165.<\/a><\/p>\n<p align=\"justify\"><a href=\"http:\/\/www.eduardomissoni.net\/CV\/mieiscrittipdf\/84%20-%20Tropical_Doctor_Jan.pdf\">Missoni, E. Heat treatment of cutaneous leishmaniasis. Tropical Doctor, (1984) 1:46.<\/a><\/p>\n<p align=\"justify\"><a href=\"http:\/\/www.eduardomissoni.net\/CV\/mieiscrittipdf\/84%20-%20Tropical_Doctor_Apr.pdf\">Missoni, E. Local treatment of cutaneous leishmaniasis with metronidazol.Tropical Doctor, (1984) 2:71.<\/a><\/p>\n<p align=\"justify\"><a href=\"http:\/\/www.eduardomissoni.net\/CV\/mieiscrittipdf\/84%20-%20Reggio_Emilia.pdf\">Galli, M.; Mariscotti, C.; Missoni, E. et. al. Studio Immunoistochimico ed immunologico in Leishmaniosi cutanee del nuovo mondo. Atti Convegno Nazionale su: malattie Infettive Riemergenti, Reggio Emilia 19-20.10.1984, pp.237-244<\/a><\/p>\n<p align=\"justify\"><a href=\"http:\/\/www.eduardomissoni.net\/CV\/mieiscrittipdf\/85%20-%20Pathologica.pdf\">Barbareschi, M.; Mariscotti,C.; Missoni, E., et al. Russell Bodies in New World Cutaneous Leishmaniasis. Pathologica,(1985) 77:87-90<\/a>.<\/p>\n<p align=\"justify\"><a href=\"http:\/\/www.eduardomissoni.net\/CV\/mieiscrittipdf\/86%20-%20Trans_R_Soc_Trop_Hyg.pdf\">Missoni, E., et al. Isolation and characterization of leishmaniasis in Nicaragua. <em>Transactions of the Royal Society of Tropical Medicine and Hygiene<\/em>, (1986) 80:999-1000.<\/a><\/p>\n<p align=\"justify\"><a href=\"http:\/\/www.eduardomissoni.net\/CV\/mieiscrittipdf\/87%20-%20Rev_Inst_Med_Trop.pdf\">Mariscotti, C.; Barbareschi,M.; Missoni, E., et al. Histological and immunohistochemical aspects of cutaneous leishmaniasis in Nicaragua. <em>Rev.Inst.Med.trop. Sao paulo<\/em>, (1987) 29(4):213-218<\/a><\/p>\n<p align=\"justify\"><a href=\"http:\/\/www.eduardomissoni.net\/CV\/mieiscrittipdf\/90%20-%20Tropical_Doctor.pdf\">Ipsevich, F.; Missoni, E. A case of P.falciparum malaria from Mali: failure of chloroquine chemoprofilaxis. <em>Tropical Doctor<\/em>, October 1990, 20(4), p.170<\/a><\/p>\n<p align=\"justify\">Missoni, E., Masala, G., Calor y Leishmaniasis. Una revisi\u00f3n de las implicancias cl\u00ednicas y biol\u00f3gicas, <em>Revista Peruana de Epidemiolog\u00eda<\/em>, vol.6, n.1, julio 1993, pp.27-32<\/p>\n<h2 align=\"justify\">Books and Monographs<\/h2>\n<p align=\"justify\">Missoni, E. <em>La Diarrea y su tratamiento. Manual para el trabajador de Atenci\u00f3n Primaria en Salud de la Comunidad<\/em>.(ciclostilato) UNICEF, M\u00e9xico, 1987.<\/p>\n<p align=\"justify\"><a href=\"http:\/\/eduardomissoni.info\/wp-content\/uploads\/La-Leishmaniasis-tegumentaria.pdf\">Missoni, E. <em>La leishmaniasis tegumentaria; Manual de atenci\u00f3n Primaria para los trabajadores de salud del primer nivel<\/em>. , Matagalpa, Nicaragua, 1986<\/a>. IIa edizione: San Jos\u00e9, Costa Rica, 1987<\/p>\n","protected":false},"excerpt":{"rendered":"<p>Articles Missoni, E. Leishmaniosi Cutanea del Nuovo Mondo. Istocitopatologia, (1983) 5:183-188. Missoni, E.; Morelli, R. Survey of 259 cases of American Cutaneous Leishmaniasis in Nicaragua. Journal of Tropical Medicine and Hygiene, (1984) 87:159-165. Missoni, E. Heat treatment of cutaneous leishmaniasis. &hellip; <a href=\"https:\/\/eduardomissoni.info\/?page_id=156\">Continua a leggere<span class=\"meta-nav\">&rarr;<\/span><\/a><\/p>\n","protected":false},"author":1,"featured_media":214,"parent":10,"menu_order":0,"comment_status":"closed","ping_status":"closed","template":"","meta":{"footnotes":""},"class_list":["post-156","page","type-page","status-publish","has-post-thumbnail","hentry"],"_links":{"self":[{"href":"https:\/\/eduardomissoni.info\/index.php?rest_route=\/wp\/v2\/pages\/156","targetHints":{"allow":["GET"]}}],"collection":[{"href":"https:\/\/eduardomissoni.info\/index.php?rest_route=\/wp\/v2\/pages"}],"about":[{"href":"https:\/\/eduardomissoni.info\/index.php?rest_route=\/wp\/v2\/types\/page"}],"author":[{"embeddable":true,"href":"https:\/\/eduardomissoni.info\/index.php?rest_route=\/wp\/v2\/users\/1"}],"replies":[{"embeddable":true,"href":"https:\/\/eduardomissoni.info\/index.php?rest_route=%2Fwp%2Fv2%2Fcomments&post=156"}],"version-history":[{"count":5,"href":"https:\/\/eduardomissoni.info\/index.php?rest_route=\/wp\/v2\/pages\/156\/revisions"}],"predecessor-version":[{"id":2810,"href":"https:\/\/eduardomissoni.info\/index.php?rest_route=\/wp\/v2\/pages\/156\/revisions\/2810"}],"up":[{"embeddable":true,"href":"https:\/\/eduardomissoni.info\/index.php?rest_route=\/wp\/v2\/pages\/10"}],"wp:featuredmedia":[{"embeddable":true,"href":"https:\/\/eduardomissoni.info\/index.php?rest_route=\/"}],"wp:attachment":[{"href":"https:\/\/eduardomissoni.info\/index.php?rest_route=%2Fwp%2Fv2%2Fmedia&parent=156"}],"curies":[{"name":"wp","href":"https:\/\/api.w.org\/{rel}","templated":true}]}}