{"id":1806,"date":"2011-01-04T00:00:00","date_gmt":"2017-06-16T04:11:42","guid":{"rendered":"http:\/\/eduardomissoni.info\/?page_id=1806"},"modified":"2017-07-18T20:23:40","modified_gmt":"2017-07-18T20:23:40","slug":"perfil","status":"publish","type":"page","link":"https:\/\/eduardomissoni.info\/?page_id=1806","title":{"rendered":"Perfil"},"content":{"rendered":"<p><strong>Eduardo Missoni<\/strong>, naci\u00f3 en Roma en 1954, es un m\u00e9dico especialista en medicina tropical con estudios realizados en la Universidad de Roma &#8220;La Sapienza&#8221;, y con una Maestr\u00eda en Ciencias en la Escuela de Higiene y Medicina Tropical de Londres.<\/p>\n<p>En la actualidad es profesor de la Universidad Bocconi de Mil\u00e1n y SDA Bocconi (Escuela de Administraci\u00f3n); la Universidad de Milano-Bicocca, Departamento de Sociolog\u00eda e Investigaci\u00f3n Social; la Universidad de Pav\u00eda, Facultad de Medicina; La Escuela de Ginebra de Diplomacia y Relaciones Internacionales (Suiza); Instituto Nacional de Salud P\u00fablica en Cuernavaca (M\u00e9xico). Su ense\u00f1anza\u00a0 y el \u00e1mbito de su investigaci\u00f3n incluyen temas como la gesti\u00f3n de instituciones y organizaciones no gubernamentales internacionales, la pol\u00edtica y la gesti\u00f3n de la salud global y desarrollo, la salud comunitaria y los determinantes de la salud. Tambi\u00e9n coordina la investigaci\u00f3n en salud global y desarrollo en el Centro de investigaci\u00f3n en la gesti\u00f3n de asistencia sanitaria y social en la Universidad de Bocconi (CERGAS).<\/p>\n<p>De 1987 a 2002 trabaj\u00f3 en la Direcci\u00f3n General de Cooperaci\u00f3n al Desarrollo (DGCS) del Ministerio de Asuntos Exteriores de Italia, como experto de iniciativas de cooperaci\u00f3n en salud y desarrollo social en Am\u00e9rica Latina y gran parte de \u00c1frica subsahariana. Dentro de sus funciones estaba la de representante t\u00e9cnico de Italia frente a la Organizaci\u00f3n Mundial de la Salud (OMS) y en las reuniones internacionales de car\u00e1cter t\u00e9cnico-cient\u00edfico, as\u00ed como de grupos expertos (entre ellos el de los expertos en salud del G-8, grupo que presidi\u00f3 en 2001). Anteriormente fue funcionario de la UNICEF en M\u00e9xico y m\u00e9dico voluntario en Nicaragua.<\/p>\n<p>De 2004 a 2007 fue Secretario General de la Organizaci\u00f3n Mundial del Movimiento Scout (OMMS), la organizaci\u00f3n juvenil m\u00e1s grande del mundo, presente en 155 pa\u00edses con 28 millones de afiliados.<\/p>\n<p>Siempre ha sido un activo promotor de iniciativas concretas de participaci\u00f3n social y ciudadana, y ha contribuido a la creaci\u00f3n y \/ o desarrollo de numerosas organizaciones locales, nacionales e internacionales.<\/p>\n<p>Ha publicado numerosos <a href=\"http:\/\/eduardomissoni.info\/?page_id=429\">libros, trabajos cient\u00edficos y art\u00edculos<\/a> en el campo de la salud p\u00fablica, el desarrollo y la cooperaci\u00f3n internacional, as\u00ed como en varios otros temas.<\/p>\n","protected":false},"excerpt":{"rendered":"<p>Eduardo Missoni, naci\u00f3 en Roma en 1954, es un m\u00e9dico especialista en medicina tropical con estudios realizados en la Universidad de Roma &#8220;La Sapienza&#8221;, y con una Maestr\u00eda en Ciencias en la Escuela de Higiene y Medicina Tropical de Londres. &hellip; <a href=\"https:\/\/eduardomissoni.info\/?page_id=1806\">Continua a leggere<span class=\"meta-nav\">&rarr;<\/span><\/a><\/p>\n","protected":false},"author":1,"featured_media":0,"parent":0,"menu_order":1,"comment_status":"closed","ping_status":"closed","template":"","meta":{"footnotes":""},"class_list":["post-1806","page","type-page","status-publish","hentry"],"_links":{"self":[{"href":"https:\/\/eduardomissoni.info\/index.php?rest_route=\/wp\/v2\/pages\/1806","targetHints":{"allow":["GET"]}}],"collection":[{"href":"https:\/\/eduardomissoni.info\/index.php?rest_route=\/wp\/v2\/pages"}],"about":[{"href":"https:\/\/eduardomissoni.info\/index.php?rest_route=\/wp\/v2\/types\/page"}],"author":[{"embeddable":true,"href":"https:\/\/eduardomissoni.info\/index.php?rest_route=\/wp\/v2\/users\/1"}],"replies":[{"embeddable":true,"href":"https:\/\/eduardomissoni.info\/index.php?rest_route=%2Fwp%2Fv2%2Fcomments&post=1806"}],"version-history":[{"count":3,"href":"https:\/\/eduardomissoni.info\/index.php?rest_route=\/wp\/v2\/pages\/1806\/revisions"}],"predecessor-version":[{"id":1893,"href":"https:\/\/eduardomissoni.info\/index.php?rest_route=\/wp\/v2\/pages\/1806\/revisions\/1893"}],"wp:attachment":[{"href":"https:\/\/eduardomissoni.info\/index.php?rest_route=%2Fwp%2Fv2%2Fmedia&parent=1806"}],"curies":[{"name":"wp","href":"https:\/\/api.w.org\/{rel}","templated":true}]}}