{"id":2745,"date":"2022-05-14T02:17:23","date_gmt":"2022-05-14T02:17:23","guid":{"rendered":"http:\/\/eduardomissoni.info\/?page_id=2745"},"modified":"2023-08-01T22:16:39","modified_gmt":"2023-08-01T22:16:39","slug":"recensioni-successive-alla-terza-edizione","status":"publish","type":"page","link":"https:\/\/eduardomissoni.info\/?page_id=2745","title":{"rendered":"Recensioni successive alla terza edizione"},"content":{"rendered":"\n<h2 class=\"wp-block-heading\">Una nota poetessa. Marzia Serpi. <\/h2>\n\n\n\n<p>Con Misa Campesina ho conosciuto una realt\u00e0 che mai avrei immaginato, ma ho conosciuto anche un uomo che ha speso parte della sua vita donandosi agli altri e questo penso che sia una cosa che solo i migliori sono in grado di fare, affrontando tutte le diverse difficolt\u00e0 giorno per giorno. <\/p>\n\n\n\n<p>Oggi, ho conosciuto personalmente Eduardo Missoni avendo vissuto alcuni mesi in Messico , quindi non solo posso fargli i miei complimenti per il suo interessante libor , ma posso anche dire di essere onorata della sua amicizia. Con affetto e stima.<\/p>\n\n\n\n<p><\/p>\n\n\n\n<h2 class=\"wp-block-heading\">Un lettore attento alle dinamiche socio-politiche. Angelo Melpignano<\/h2>\n\n\n\n<p>Un giovane medico in servizio civile e il suo vissuto nella quotidianit\u00e0 di alcuni villaggi della <em>monta\u00f1a<\/em> del Nicaragua, sullo sfondo (ma non pi\u00f9 di tanto) la parabola dell&#8217;ideale sandinista dal trionfo rivoluzionario alla restaurazione. Il dramma delle sofferenze umane e lo sforzo per alleviarle immedesimano il lettore in brevi e intense relazioni (non solo in senso strettamente terapeutico), al contempo disegnano i contorni del ciclo politico, nell&#8217;impossibilit\u00e0 di essere neutrali.<\/p>\n\n\n\n<p><\/p>\n\n\n\n<h2 class=\"wp-block-heading\">Ancora una nota poetessa: Rita Florit<\/h2>\n\n\n\n<p>Caro Eduardo, ti ringrazio di avermi donato il tuo libro, iniziato durante il mio viaggio in Messico ,e debitamente centellinato. Rivivo spesso i bei giorni trascorsi nella tua casa e nello splendido giardino, vera oasi di pace e frescura nel deserto reale ed emozionale che ci attraversa dagli ultimi due anni.<br>Leggere \u201cMisa Campesina\u201d \u00e8 stato un viaggio parallelo e affascinante , per me del tutto digiuna del mondo latinoamericano e delle sue culture. Mi hai trasportato in quegli anni incredibili e rivoluzionari, con il grande entusiasmo con cui hai sempre affrontato la tua \u201cmissione\u201d, un\u2019esperienza unica di dedizione, solidariet\u00e0, ricerca e servizio inteso come offerta pratica, umana e culturale che hai perseguito con uno spirito libero e &nbsp;desideroso di fare il bene. Il tuo libro non avrebbe mai potuto essere un mero resoconto diaristico-sentimentale, ma vita vera, pratica medica faticosa e sofferta ma anche esaltante, perch\u00e9 mai scevra da uno sguardo sensibile sull\u2019umanit\u00e0 sommersa, e cosa che ho particolarmente apprezzato, anche spesso d\u2019autoironia.<br>Sono felice d\u2019aver potuto incontrare questa grande esperienza tramite le tue parole vive.Sei stato una presenza necessaria in quel momento storico. E grazie sempre della tua generosa accoglienza.<\/p>\n\n\n\n<p><\/p>\n\n\n\n<h2 class=\"wp-block-heading\">Gianmaria Bedendo sul Quotidiano Indipendente<\/h2>\n\n\n\n<p>\u201cMisa campesina\u201d \u00e8 una straordinaria Messa campagnola celebrata dal francescano padre Uriel Molina per&nbsp; i suoi quarant\u2019anni di sacerdozio e che chiude il volume.<\/p>\n\n\n\n<p>Nella primaversa 1980 , a 25 anni compiuti, arriva in Nicaragua come volontario medico dopo la rivoluzione sandinista e racconta tutta l\u2019esperienza fatta soprattuto a contatto con i pi\u00f9 poveri all\u2019interno delle montagne e della sperduta costa atlantica dove sono pi\u00f9 dure le condizioni della gente \u2013 ma dove \u00e8 pi\u00f9 forte la prova a cui&nbsp; il giovane e inesperto medico vuole sottoporsi \u2013 dedicandosi all\u2019assistenza medica, alla promozione sociale delle comunit\u00e0 contadine e alla gestione della sanit\u00e0 pubblica.<\/p>\n\n\n\n<p>Missoni racconta come in un romanzo, ma realmente vissuto, i tanti momenti di questa sua straordinaria esperienza e del rapporto che \u00e8 riuscito a instaurare con la popolazione di&nbsp; agglomerati spesso sperduti e molto poveri, <strong>perch\u00e8 la povert\u00e0 \u00e8 la principale causa di malattie,<\/strong> e che \u2013 riconoscendo la grande umanit\u00e0 di Missoni \u2013 gli si affidano con fiducia.<\/p>\n\n\n\n<p>Il volume ha la prefazione di Isabel Allende Bussi \u2013 figlia del Presidente cileno Salvador Allende, ucciso durante il golpe militare dell\u201911 settembre 1973 \u2013 e che ha conosciuto, esule in Messico, Eduardo Missoni, a quei tempi funzionario dell\u2019Unicef.<\/p>\n\n\n\n<h2 class=\"wp-block-heading\">Una scout rilegge Misa Campesina a distanza di anni: Fulvia Panni<\/h2>\n\n\n\n<p>Ho appena finito di rileggere il tuo libro (non lo ricordavo molto\u2026 forse perch\u00e9 in giovent\u00f9 ero piena di bambini, quasi bambini, pance, ecc) e ne sono rimasta affascinata. Mi sembrava di sentirti raccontare quelle sperienze e le tue riflessioni. Grazie per avermi fatto rinnovare tante belle e profonde basi (che tu hai vissuto in pieno) della nostra vita che ci hanno visti scout (e lo saremo per sempre) e persone che cercano di vivere concretamente la fede. Grazie per la tua semplicit\u00e0 di linguaggio cos\u00ec efficace e comunicativo, fruibile da tutti.<\/p>\n\n\n\n<h2 class=\"wp-block-heading\">Giorgio Bianchi su Tempi di Fraternit\u00e0<\/h2>\n\n\n\n<p>&#8230;\u00c8 un libro che cattura, da leggere tutto d\u2019un fiato, che commuove profondamente, in cui ogni pagina rivela un mondo di persone semplici che lottano per una vita di stenti, una vita condivisa da Eduardo giorno dopo giorno, con amore&#8230; (<a href=\"https:\/\/eduardomissoni.info\/?p=2958\">leggi tutto<\/a>) <\/p>\n","protected":false},"excerpt":{"rendered":"<p>Una nota poetessa. Marzia Serpi. Con Misa Campesina ho conosciuto una realt\u00e0 che mai avrei immaginato, ma ho conosciuto anche un uomo che ha speso parte della sua vita donandosi agli altri e questo penso che sia una cosa che &hellip; <a href=\"https:\/\/eduardomissoni.info\/?page_id=2745\">Continua a leggere<span class=\"meta-nav\">&rarr;<\/span><\/a><\/p>\n","protected":false},"author":1,"featured_media":0,"parent":379,"menu_order":2,"comment_status":"closed","ping_status":"closed","template":"","meta":{"footnotes":""},"class_list":["post-2745","page","type-page","status-publish","hentry"],"_links":{"self":[{"href":"https:\/\/eduardomissoni.info\/index.php?rest_route=\/wp\/v2\/pages\/2745","targetHints":{"allow":["GET"]}}],"collection":[{"href":"https:\/\/eduardomissoni.info\/index.php?rest_route=\/wp\/v2\/pages"}],"about":[{"href":"https:\/\/eduardomissoni.info\/index.php?rest_route=\/wp\/v2\/types\/page"}],"author":[{"embeddable":true,"href":"https:\/\/eduardomissoni.info\/index.php?rest_route=\/wp\/v2\/users\/1"}],"replies":[{"embeddable":true,"href":"https:\/\/eduardomissoni.info\/index.php?rest_route=%2Fwp%2Fv2%2Fcomments&post=2745"}],"version-history":[{"count":7,"href":"https:\/\/eduardomissoni.info\/index.php?rest_route=\/wp\/v2\/pages\/2745\/revisions"}],"predecessor-version":[{"id":2962,"href":"https:\/\/eduardomissoni.info\/index.php?rest_route=\/wp\/v2\/pages\/2745\/revisions\/2962"}],"up":[{"embeddable":true,"href":"https:\/\/eduardomissoni.info\/index.php?rest_route=\/wp\/v2\/pages\/379"}],"wp:attachment":[{"href":"https:\/\/eduardomissoni.info\/index.php?rest_route=%2Fwp%2Fv2%2Fmedia&parent=2745"}],"curies":[{"name":"wp","href":"https:\/\/api.w.org\/{rel}","templated":true}]}}